{"id":111,"date":"2018-08-10T08:09:17","date_gmt":"2018-08-10T11:09:17","guid":{"rendered":"https:\/\/sgitreinamentosassessoria.com\/index.php\/about-page\/"},"modified":"2025-09-06T00:14:45","modified_gmt":"2025-09-06T03:14:45","slug":"sobre","status":"publish","type":"page","link":"https:\/\/sgitreinamentosassessoria.com\/index.php\/sobre\/","title":{"rendered":"Sobre n\u00f3s"},"content":{"rendered":"\t\t<div data-elementor-type=\"wp-post\" data-elementor-id=\"111\" class=\"elementor elementor-111\" data-elementor-post-type=\"page\">\n\t\t\t\t<div class=\"aux-parallax-section elementor-element elementor-element-33c2bcb e-flex e-con-boxed e-con e-parent\" data-id=\"33c2bcb\" data-element_type=\"container\" data-settings=\"{&quot;background_background&quot;:&quot;gradient&quot;}\">\n\t\t\t\t\t<div class=\"e-con-inner\">\n\t\t<div class=\"elementor-element elementor-element-c693f9b e-con-full e-flex e-con e-child\" data-id=\"c693f9b\" data-element_type=\"container\">\n\t\t\t\t<div class=\"elementor-element elementor-element-9caa00d aux-appear-watch-animation aux-mask-from-left elementor-widget elementor-widget-aux_modern_heading\" data-id=\"9caa00d\" data-element_type=\"widget\" data-widget_type=\"aux_modern_heading.default\">\n\t\t\t\t<div class=\"elementor-widget-container\">\n\t\t\t\t\t<section class=\"aux-widget-modern-heading\">\n            <div class=\"aux-widget-inner\"><h2 class=\"aux-modern-heading-primary\"><\/h2><h3 class=\"aux-modern-heading-secondary\"><span class=\"aux-head-before\">TRANSFORMANDO<\/span><span class=\"aux-head-highlight\">SEGURAN\u00c7A<\/span><span class=\"aux-head-after\">EM RESULTADOS<\/span><\/h3><\/div>\n        <\/section>\t\t\t\t<\/div>\n\t\t\t\t<\/div>\n\t\t\t\t<div class=\"elementor-element elementor-element-c8cd50f aux-appear-watch-animation aux-fade-in-right elementor-widget elementor-widget-text-editor\" data-id=\"c8cd50f\" data-element_type=\"widget\" data-widget_type=\"text-editor.default\">\n\t\t\t\t<div class=\"elementor-widget-container\">\n\t\t\t\t\t\t\t\t\t<div class=\"aux-bus2-title-divider\">\u00a0<\/div>\t\t\t\t\t\t\t\t<\/div>\n\t\t\t\t<\/div>\n\t\t\t\t<div class=\"elementor-element elementor-element-e5b65e0 elementor-widget elementor-widget-text-editor\" data-id=\"e5b65e0\" data-element_type=\"widget\" data-widget_type=\"text-editor.default\">\n\t\t\t\t<div class=\"elementor-widget-container\">\n\t\t\t\t\t\t\t\t\t<p>A SGI Treinamentos e Assessoria nasceu da necessidade de levar solu\u00e7\u00f5es reais em Sa\u00fade, Seguran\u00e7a e Meio Ambiente (HSE) para empresas de todos os portes. Especializada em treinamentos e palestras, consultorias em NRs e gest\u00e3o em HSE, j\u00e1 ajudamos mais de 350 clientes a reduzirem acidentes, multas e passivos trabalhistas.<\/p><p>Somos uma empresa inovadora, com o prop\u00f3sito de oferecer solu\u00e7\u00f5es personalizadas e de qualidade, capazes de entender e atender as necessidades espec\u00edficas de cada cliente. Atuamos com foco na constru\u00e7\u00e3o de uma cultura de seguran\u00e7a com excel\u00eancia, oferecendo assessoria e consultoria cont\u00ednuas para garantir uma parceria confi\u00e1vel e sustent\u00e1vel, gerando resultados duradouros e mitigando riscos e n\u00e3o conformidades nas empresas.<\/p><p>Nosso objetivo \u00e9 atuar com foco na preven\u00e7\u00e3o de acidentes e doen\u00e7as ocupacionais, eliminando ou reduzindo passivos e custos trabalhistas e previdenci\u00e1rios. Nosso compromisso \u00e9 desenvolver solu\u00e7\u00f5es eficazes em seguran\u00e7a do trabalho e alcan\u00e7ar reconhecimento nacional pela excel\u00eancia de nossos servi\u00e7os.<\/p>\t\t\t\t\t\t\t\t<\/div>\n\t\t\t\t<\/div>\n\t\t\t\t<div class=\"elementor-element elementor-element-46d4fad aux-appear-watch-animation aux-fade-in-right elementor-widget elementor-widget-aux_button\" data-id=\"46d4fad\" data-element_type=\"widget\" data-widget_type=\"aux_button.default\">\n\t\t\t\t<div class=\"elementor-widget-container\">\n\t\t\t\t\t<a  href=\"https:\/\/sgitreinamentosassessoria.com\/index.php\/servicos\/\" target=\"_self\"   class=\"aux-button aux-medium aux-carmine-pink aux-curve aux-none aux-uppercase\" ><span class=\"aux-overlay\"><\/span><span class=\"aux-text\">Conhe\u00e7a nossos servi\u00e7os<\/span><\/a>\t\t\t\t<\/div>\n\t\t\t\t<\/div>\n\t\t\t\t<\/div>\n\t\t<div class=\"elementor-element elementor-element-6dc4719 aux-appear-watch-animation aux-mask-from-left e-con-full e-flex e-con e-child\" data-id=\"6dc4719\" data-element_type=\"container\">\n\t\t\t\t<div class=\"elementor-element elementor-element-5910c0e elementor-widget elementor-widget-aux_image\" data-id=\"5910c0e\" data-element_type=\"widget\" data-widget_type=\"aux_image.default\">\n\t\t\t\t<div class=\"elementor-widget-container\">\n\t\t\t\t\t<section class=\"widget-container aux-widget-image aux-alignnone aux-parent-au999f725e\">\n    <div class=\"aux-media-hint-frame \">\n        <div class=\"aux-media-image \" >\n        \n            \n\n            \n            <img fetchpriority=\"high\" decoding=\"async\" width=\"7360\" height=\"4912\" src=\"data:image\/gif;base64,R0lGODlhAQABAIAAAAAAAP\/\/\/yH5BAEAAAAALAAAAAABAAEAAAIBRAA7\" class=\"aux-attachment aux-featured-image aux-attachment-id-208 aux-preload aux-blank\" alt=\"Close-up image of business partners working with financial documents\" data-ratio=\"1.5\" data-original-w=\"7360\" data-src=\"https:\/\/sgitreinamentosassessoria.com\/wp-content\/uploads\/2025\/06\/BackImage2.jpg\" \/>            \n                <\/div>\n    <\/div>\n\n<\/section><!-- widget-container -->\t\t\t\t<\/div>\n\t\t\t\t<\/div>\n\t\t\t\t<\/div>\n\t\t\t\t\t<\/div>\n\t\t\t\t<\/div>\n\t\t<div class=\"aux-parallax-section elementor-element elementor-element-07f520b e-flex e-con-boxed e-con e-parent\" data-id=\"07f520b\" data-element_type=\"container\" data-settings=\"{&quot;background_background&quot;:&quot;classic&quot;}\">\n\t\t\t\t\t<div class=\"e-con-inner\">\n\t\t<div class=\"elementor-element elementor-element-1654dd0 e-con-full e-flex e-con e-child\" data-id=\"1654dd0\" data-element_type=\"container\">\n\t\t\t\t<div class=\"elementor-element elementor-element-f8c705d aux-appear-watch-animation aux-fade-in-up elementor-widget elementor-widget-aux_modern_heading\" data-id=\"f8c705d\" data-element_type=\"widget\" data-widget_type=\"aux_modern_heading.default\">\n\t\t\t\t<div class=\"elementor-widget-container\">\n\t\t\t\t\t<section class=\"aux-widget-modern-heading\">\n            <div class=\"aux-widget-inner\"><h6 class=\"aux-modern-heading-primary\"><\/h6><h3 class=\"aux-modern-heading-secondary\"><span class=\"aux-head-before\">Nossos Diferenciais<\/span><\/h3><\/div>\n        <\/section>\t\t\t\t<\/div>\n\t\t\t\t<\/div>\n\t\t\t\t<div class=\"elementor-element elementor-element-c417fa5 aux-appear-watch-animation aux-fade-in-right elementor-widget elementor-widget-text-editor\" data-id=\"c417fa5\" data-element_type=\"widget\" data-widget_type=\"text-editor.default\">\n\t\t\t\t<div class=\"elementor-widget-container\">\n\t\t\t\t\t\t\t\t\t<div class=\"aux-bus2-title-divider\">\u00a0<\/div>\t\t\t\t\t\t\t\t<\/div>\n\t\t\t\t<\/div>\n\t\t<div class=\"elementor-element elementor-element-03ab4c7 e-con-full e-flex e-con e-child\" data-id=\"03ab4c7\" data-element_type=\"container\">\n\t\t<div class=\"elementor-element elementor-element-794bf97 aux-appear-watch-animation aux-fade-in-right-1 e-con-full e-flex e-con e-child\" data-id=\"794bf97\" data-element_type=\"container\">\n\t\t\t\t<div class=\"elementor-element elementor-element-ee2bad2 elementor-widget elementor-widget-aux_text\" data-id=\"ee2bad2\" data-element_type=\"widget\" data-widget_type=\"aux_text.default\">\n\t\t\t\t<div class=\"elementor-widget-container\">\n\t\t\t\t\t<section class=\"widget-container aux-widget-text aux-parent-au5b7ca92d\">        <div class=\"aux-widget-advanced-text aux-wrap-style-simple aux-ico-pos-top aux-text-center aux-text-resp- aux-text-color-dark aux-text-widget-bg-center  \" >\n        \n                            <div class=\"aux-text-widget-header \"  >\n                        <div class=\"aux-ico-box aux-ico-large aux-ico-shape-circle aux-ico-clear \">\n                                                                <span class=\"aux-ico auxicon-data-1\" > <\/span>\n                                                            <\/div>\n                <\/div>\n            \n            <div class=\"aux-text-inner aux-text-widget-content\">\n                                <h4 class=\"col-title\">Consultoria T\u00e9cnica Especializada<\/h4>\n                                <div class=\"widget-content\">\n                                        <p>Equipe multidisciplinar com engenheiros, t\u00e9cnicos de seguran\u00e7a e m\u00e9dicos do trabalho<\/p>                <\/div>\n                            <\/div>\n        <\/div>\n                    <div class=\"aux-text-widget-footer\">\n                <div class=\"aux-border-shape-none \">\n                                <\/div>\n            <\/div>\n        \n<\/section><!-- widget-container -->\t\t\t\t<\/div>\n\t\t\t\t<\/div>\n\t\t\t\t<\/div>\n\t\t<div class=\"elementor-element elementor-element-b3a1144 aux-appear-watch-animation aux-fade-in-right-1 e-con-full e-flex e-con e-child\" data-id=\"b3a1144\" data-element_type=\"container\">\n\t\t\t\t<div class=\"elementor-element elementor-element-8241b9b elementor-widget elementor-widget-aux_text\" data-id=\"8241b9b\" data-element_type=\"widget\" data-widget_type=\"aux_text.default\">\n\t\t\t\t<div class=\"elementor-widget-container\">\n\t\t\t\t\t<section class=\"widget-container aux-widget-text aux-parent-aua4198720\">        <div class=\"aux-widget-advanced-text aux-wrap-style-simple aux-ico-pos-top aux-text-center aux-text-resp- aux-text-color-dark aux-text-widget-bg-center  \" >\n        \n                            <div class=\"aux-text-widget-header \"  >\n                        <div class=\"aux-ico-box aux-ico-large aux-ico-shape-circle aux-ico-clear \">\n                                                                <span class=\"aux-ico auxicon-banknote\" > <\/span>\n                                                            <\/div>\n                <\/div>\n            \n            <div class=\"aux-text-inner aux-text-widget-content\">\n                                <h4 class=\"col-title\">Metodologia Pr\u00e1tica<\/h4>\n                                <div class=\"widget-content\">\n                                        <p>Solu\u00e7\u00f5es adapt\u00e1veis \u00e0 realidade de cada empresa, sem \"receitas prontas\"<\/p>                <\/div>\n                            <\/div>\n        <\/div>\n                    <div class=\"aux-text-widget-footer\">\n                <div class=\"aux-border-shape-none \">\n                                <\/div>\n            <\/div>\n        \n<\/section><!-- widget-container -->\t\t\t\t<\/div>\n\t\t\t\t<\/div>\n\t\t\t\t<\/div>\n\t\t<div class=\"elementor-element elementor-element-328f2e0 aux-appear-watch-animation aux-fade-in-right-1 e-con-full e-flex e-con e-child\" data-id=\"328f2e0\" data-element_type=\"container\">\n\t\t\t\t<div class=\"elementor-element elementor-element-635caba elementor-widget elementor-widget-aux_text\" data-id=\"635caba\" data-element_type=\"widget\" data-widget_type=\"aux_text.default\">\n\t\t\t\t<div class=\"elementor-widget-container\">\n\t\t\t\t\t<section class=\"widget-container aux-widget-text aux-parent-au8b961724\">        <div class=\"aux-widget-advanced-text aux-wrap-style-simple aux-ico-pos-top aux-text-center aux-text-resp- aux-text-color-dark aux-text-widget-bg-center  \" >\n        \n                            <div class=\"aux-text-widget-header \"  >\n                        <div class=\"aux-ico-box aux-ico-large aux-ico-shape-circle aux-ico-clear \">\n                                                                <span class=\"aux-ico auxicon-dashboard-2\" > <\/span>\n                                                            <\/div>\n                <\/div>\n            \n            <div class=\"aux-text-inner aux-text-widget-content\">\n                                <h4 class=\"col-title\">Resultados Mensur\u00e1veis<\/h4>\n                                <div class=\"widget-content\">\n                                        <p>Redu\u00e7\u00e3o m\u00e9dia de <strong>90% em acidentes<\/strong>\u00a0entre nossos clientes no primeiro ano<\/p>                <\/div>\n                            <\/div>\n        <\/div>\n                    <div class=\"aux-text-widget-footer\">\n                <div class=\"aux-border-shape-none \">\n                                <\/div>\n            <\/div>\n        \n<\/section><!-- widget-container -->\t\t\t\t<\/div>\n\t\t\t\t<\/div>\n\t\t\t\t<\/div>\n\t\t<div class=\"elementor-element elementor-element-f647534 aux-appear-watch-animation aux-fade-in-right-1 e-con-full e-flex e-con e-child\" data-id=\"f647534\" data-element_type=\"container\">\n\t\t\t\t<div class=\"elementor-element elementor-element-b04f544 elementor-widget elementor-widget-aux_text\" data-id=\"b04f544\" data-element_type=\"widget\" data-widget_type=\"aux_text.default\">\n\t\t\t\t<div class=\"elementor-widget-container\">\n\t\t\t\t\t<section class=\"widget-container aux-widget-text aux-parent-auc8202fe8\">        <div class=\"aux-widget-advanced-text aux-wrap-style-simple aux-ico-pos-top aux-text-center aux-text-resp- aux-text-color-dark aux-text-widget-bg-center  \" >\n        \n                            <div class=\"aux-text-widget-header \"  >\n                        <div class=\"aux-ico-box aux-ico-large aux-ico-shape-circle aux-ico-clear \">\n                                                                <span class=\"aux-ico auxicon-diamond-2\" > <\/span>\n                                                            <\/div>\n                <\/div>\n            \n            <div class=\"aux-text-inner aux-text-widget-content\">\n                                <h4 class=\"col-title\">Tecnologia Integrada<\/h4>\n                                <div class=\"widget-content\">\n                                        <p>Plataforma digital para gest\u00e3o de documentos e treinamentos em tempo real<\/p>                <\/div>\n                            <\/div>\n        <\/div>\n                    <div class=\"aux-text-widget-footer\">\n                <div class=\"aux-border-shape-none \">\n                                <\/div>\n            <\/div>\n        \n<\/section><!-- widget-container -->\t\t\t\t<\/div>\n\t\t\t\t<\/div>\n\t\t\t\t<\/div>\n\t\t\t\t<\/div>\n\t\t\t\t<\/div>\n\t\t\t\t\t<\/div>\n\t\t\t\t<\/div>\n\t\t<div class=\"aux-parallax-section elementor-element elementor-element-4d88d00 e-flex e-con-boxed e-con e-parent\" data-id=\"4d88d00\" data-element_type=\"container\" data-settings=\"{&quot;background_background&quot;:&quot;classic&quot;}\">\n\t\t\t\t\t<div class=\"e-con-inner\">\n\t\t<div class=\"elementor-element elementor-element-0068163 e-con-full e-flex e-con e-child\" data-id=\"0068163\" data-element_type=\"container\">\n\t\t\t\t<div class=\"elementor-element elementor-element-b5b1cc8 aux-appear-watch-animation aux-fade-in-up elementor-widget elementor-widget-aux_modern_heading\" data-id=\"b5b1cc8\" data-element_type=\"widget\" data-widget_type=\"aux_modern_heading.default\">\n\t\t\t\t<div class=\"elementor-widget-container\">\n\t\t\t\t\t<section class=\"aux-widget-modern-heading\">\n            <div class=\"aux-widget-inner\"><h2 class=\"aux-modern-heading-primary\">TEM D\u00daVIDAS SOBRE SST?\n<\/h2><h3 class=\"aux-modern-heading-secondary\"><span class=\"aux-head-before\">Nossos especialistas est\u00e3o prontos para ajudar!<\/span><\/h3><\/div>\n        <\/section>\t\t\t\t<\/div>\n\t\t\t\t<\/div>\n\t\t\t\t<div class=\"elementor-element elementor-element-2a9a2dd elementor-widget elementor-widget-aux_button\" data-id=\"2a9a2dd\" data-element_type=\"widget\" data-widget_type=\"aux_button.default\">\n\t\t\t\t<div class=\"elementor-widget-container\">\n\t\t\t\t\t<a  href=\"https:\/\/api.whatsapp.com\/send?phone=19995975253\" target=\"_self\"   class=\"aux-button aux-medium aux-carmine-pink aux-curve aux-none aux-uppercase\" ><span class=\"aux-overlay\"><\/span><span class=\"aux-text\">Entre em Contato<\/span><\/a>\t\t\t\t<\/div>\n\t\t\t\t<\/div>\n\t\t\t\t<\/div>\n\t\t\t\t\t<\/div>\n\t\t\t\t<\/div>\n\t\t<div class=\"aux-parallax-section elementor-element elementor-element-532f6b7 e-flex e-con-boxed e-con e-parent\" data-id=\"532f6b7\" data-element_type=\"container\">\n\t\t\t\t\t<div class=\"e-con-inner\">\n\t\t<div class=\"elementor-element elementor-element-f7f96b6 aux-appear-watch-animation aux-fade-in-left-2 e-con-full e-flex e-con e-child\" data-id=\"f7f96b6\" data-element_type=\"container\" data-settings=\"{&quot;background_background&quot;:&quot;gradient&quot;}\">\n\t\t\t\t<div class=\"elementor-element elementor-element-6678878 elementor-widget elementor-widget-aux_modern_heading\" data-id=\"6678878\" data-element_type=\"widget\" data-widget_type=\"aux_modern_heading.default\">\n\t\t\t\t<div class=\"elementor-widget-container\">\n\t\t\t\t\t<section class=\"aux-widget-modern-heading\">\n            <div class=\"aux-widget-inner\"><h2 class=\"aux-modern-heading-primary\">PRONTO PARA TRANSFORMAR A SEGURAN\u00c7A NA SUA EMPRESA?<\/h2><h3 class=\"aux-modern-heading-secondary\"><span class=\"aux-head-before\">Inicie seu Projeto em SST Hoje Mesmo<\/span><\/h3><\/div>\n        <\/section>\t\t\t\t<\/div>\n\t\t\t\t<\/div>\n\t\t\t\t<\/div>\n\t\t<div class=\"elementor-element elementor-element-7a4f85d aux-appear-watch-animation aux-fade-in-right-2 e-con-full e-flex e-con e-child\" data-id=\"7a4f85d\" data-element_type=\"container\" data-settings=\"{&quot;background_background&quot;:&quot;gradient&quot;}\">\n\t\t\t\t<div class=\"elementor-element elementor-element-861bdd3 elementor-widget elementor-widget-aux_modern_heading\" data-id=\"861bdd3\" data-element_type=\"widget\" data-widget_type=\"aux_modern_heading.default\">\n\t\t\t\t<div class=\"elementor-widget-container\">\n\t\t\t\t\t<section class=\"aux-widget-modern-heading\">\n            <div class=\"aux-widget-inner\"><h2 class=\"aux-modern-heading-primary\">SEGURAN\u00c7A N\u00c3O PODE ESPERAR\n<\/h2><h3 class=\"aux-modern-heading-secondary\"><span class=\"aux-head-before\">Solu\u00e7\u00e3o completa em SST para sua empresa!<\/span><\/h3><div class=\"aux-modern-heading-divider\"><\/div><\/div>\n        <\/section>\t\t\t\t<\/div>\n\t\t\t\t<\/div>\n\t\t\t\t<div class=\"elementor-element elementor-element-120597d elementor-widget elementor-widget-aux_button\" data-id=\"120597d\" data-element_type=\"widget\" data-widget_type=\"aux_button.default\">\n\t\t\t\t<div class=\"elementor-widget-container\">\n\t\t\t\t\t<a  href=\"https:\/\/api.whatsapp.com\/send?phone=19995975253\" target=\"_self\"   class=\"aux-button aux-medium aux-carmine-pink aux-curve aux-none aux-uppercase\" ><span class=\"aux-overlay\"><\/span><span class=\"aux-text\">ENTRE EM CONTATO<\/span><\/a>\t\t\t\t<\/div>\n\t\t\t\t<\/div>\n\t\t\t\t<\/div>\n\t\t\t\t\t<\/div>\n\t\t\t\t<\/div>\n\t\t\t\t<\/div>\n\t\t","protected":false},"excerpt":{"rendered":"<p>TRANSFORMANDOSEGURAN\u00c7AEM RESULTADOS \u00a0 A SGI Treinamentos e Assessoria nasceu da necessidade de levar solu\u00e7\u00f5es reais em Sa\u00fade, Seguran\u00e7a e Meio Ambiente (HSE) para empresas de todos os portes. Especializada em treinamentos e palestras, consultorias em NRs e gest\u00e3o em HSE, j\u00e1 ajudamos mais de 350 clientes a reduzirem acidentes, multas e passivos trabalhistas. Somos uma [&hellip;]<\/p>\n","protected":false},"author":1,"featured_media":0,"parent":0,"menu_order":0,"comment_status":"closed","ping_status":"closed","template":"","meta":{"_joinchat":[],"footnotes":""},"class_list":["post-111","page","type-page","status-publish","hentry"],"_links":{"self":[{"href":"https:\/\/sgitreinamentosassessoria.com\/index.php\/wp-json\/wp\/v2\/pages\/111","targetHints":{"allow":["GET"]}}],"collection":[{"href":"https:\/\/sgitreinamentosassessoria.com\/index.php\/wp-json\/wp\/v2\/pages"}],"about":[{"href":"https:\/\/sgitreinamentosassessoria.com\/index.php\/wp-json\/wp\/v2\/types\/page"}],"author":[{"embeddable":true,"href":"https:\/\/sgitreinamentosassessoria.com\/index.php\/wp-json\/wp\/v2\/users\/1"}],"replies":[{"embeddable":true,"href":"https:\/\/sgitreinamentosassessoria.com\/index.php\/wp-json\/wp\/v2\/comments?post=111"}],"version-history":[{"count":56,"href":"https:\/\/sgitreinamentosassessoria.com\/index.php\/wp-json\/wp\/v2\/pages\/111\/revisions"}],"predecessor-version":[{"id":442,"href":"https:\/\/sgitreinamentosassessoria.com\/index.php\/wp-json\/wp\/v2\/pages\/111\/revisions\/442"}],"wp:attachment":[{"href":"https:\/\/sgitreinamentosassessoria.com\/index.php\/wp-json\/wp\/v2\/media?parent=111"}],"curies":[{"name":"wp","href":"https:\/\/api.w.org\/{rel}","templated":true}]}}